ert -44072 (base 11) to base 5.
-4021332
-5243 (base 10) to base 13
-2504
Convert -244000 (base 5) to base 2.
-10010000100010
Convert -a74 (base 13) to base 4.
-123321
What is -1333231 (base 4) in base 11?
-6160
Convert -21342 (base 7) to base 11.
-3aa9
What is -1220101 (base 4) in base 3?
-100011011
1959 (base 15) to base 9
7463
What is 125 (base 8) in base 12?
71
19221 (base 11) to base 15
7e75
-202002101 (base 3) to base 14
-54a0
Convert 1203330 (base 4) to base 10.
6396
-25315 (base 7) to base 5
-203201
-10570 (base 13) to base 10
-29497
-4406 (base 7) to base 3
-2011022
Convert 11000111111001 (base 2) to base 5.
402133
What is 32300 (base 4) in base 12?
668
Convert -447 (base 10) to base 16.
-1bf
What is 5103 (base 6) in base 16?
45f
Convert -aae (base 16) to base 9.
-3667
-1123 (base 4) to base 5
-331
Convert -35552 (base 9) to base 12.
-11918
What is -23743 (base 8) in base 14?
-3a15
-30477 (base 12) to base 10
-62875
What is -5060 (base 9) in base 4?
-321303
-4d5 (base 15) to base 9
-1452
What is -53214 (base 9) in base 3?
-1210020111
Convert 10111000111 (base 2) to base 3.
2000210
Convert 2507 (base 10) to base 11.
197a
What is 20b3 (base 12) in base 4?
320013
-312303 (base 4) to base 5
-103012
-c06 (base 13) to base 5
-31114
1a58 (base 16) to base 12
3aa0
1001222 (base 3) to base 4
30032
What is 164340 (base 7) in base 14?
bd20
-1043 (base 6) to base 8
-363
Convert -304 (base 7) to base 10.
-151
Convert -4761 (base 9) to base 10.
-3538
What is 389 (base 11) in base 9?
561
Convert -1a0b (base 14) to base 3.
-20110122
772 (base 8) to base 12
362
Convert 9520 (base 15) to base 8.
75452
What is -1033011 (base 4) in base 16?
-13c5
Convert aa8 (base 14) to base 15.
958
-101415 (base 6) to base 10
-8147
Convert -461 (base 12) to base 7.
-1615
Convert 5109 (base 10) to base 8.
11765
What is -2a8 (base 12) in base 8?
-640
Convert -41114 (base 5) to base 15.
-bc4
What is -4602 (base 9) in base 7?
-12632
-1dd (base 15) to base 2
-110110001
-1417 (base 13) to base 7
-11302
What is -60f (base 16) in base 5?
-22201
Convert -10322 (base 4) to base 5.
-2224
-331 (base 16) to base 11
-683
Convert -301 (base 13) to base 16.
-1fc
What is -1001101000110 (base 2) in base 15?
-16de
Convert -2cf (base 16) to base 2.
-1011001111
2222 (base 10) to base 8
4256
-1000110010010 (base 2) to base 15
-14ed
-104610 (base 7) to base 8
-44060
-2297 (base 13) to base 4
-1023320
What is -366 (base 7) in base 5?
-1240
What is 8260 (base 9) in base 7?
23430
What is 10122000 (base 3) in base 11?
1a96
Convert 1279 (base 10) to base 16.
4ff
What is -3214 (base 7) in base 11?
-945
Convert 4661 (base 8) to base 15.
b06
25b (base 15) to base 2
1000011000
Convert 282 (base 11) to base 10.
332
106 (base 15) to base 4
3213
Convert -4463 (base 9) to base 12.
-1aa9
What is -11110111100111 (base 2) in base 6?
-201211
What is 111000000110110 (base 2) in base 13?
100c9
What is 17068 (base 9) in base 15?
371b
Convert -10001221 (base 3) to base 16.
-8bf
What is 21a4 (base 11) in base 7?
11306
Convert 21212 (base 3) to base 6.
552
Convert -210130 (base 4) to base 2.
-100100011100
137b (base 12) to base 3
10002112
Convert -397 (base 12) to base 10.
-547
Convert 4004413 (base 5) to base 9.
105510
What is -39519 (base 10) in base 15?
-ba99
Convert 14403 (base 6) to base 7.
6504
-100000001 (base 2) to base 10
-257
Convert 12000210 (base 3) to base 11.
2833
-445 (base 7) to base 13
-148
Convert -2cc9 (base 15) to base 7.
-40050
-882 (base 11) to base 16
-422
2248 (base 15) to base 12
4258
Convert c2 (base 13) to base 5.
1113
Convert -1332232 (base 4) to base 16.
-1fae
Convert 842 (base 15) to base 10.
1862
32a (base 15) to base 5
10330
Convert -2ab (base 16) to base 4.
-22223
-80 (base 13) to base 11
-95
What is -4728 (base 10) in base 7?
-16533
Convert 113012 (base 4) to base 8.
2706
111122 (base 5) to base 16
f48
What is 3032223 (base 4) in base 2?
11001110101011
Convert 190 (base 11) to base 10.
220
-12432 (base 5) to base 8
-1740
Convert 21303 (base 4) to base 13.
393
Convert 6121 (base 7) to base 4.
201022
-21331 (base 4) to base 5
-10022
Convert -106 (base 12) to base 6.
-410
Convert -403 (base 7) to base 14.
-103
Convert -1787 (base 15) to base 14.
-1bc9
What is 40533 (base 8) in base 9?
24850
Convert 550401 (base 6) to base 15.
d73a
Convert 2351 (base 9) to base 13.
a45
What is 449a4 (base 11) in base 15?
14446
1d95 (base 16) to base 3
101101111
What is -1422 (base 15) in base 16?
-10d3
-b30 (base 12) to base 8
-3124
What is -1202222110 (base 3) in base 8?
-104241
What is 33102 (base 4) in base 15?
453
-1011101011100 (base 2) to base 3
-22012111
Convert 33133 (base 7) to base 10.
8305
-4a6 (base 15) to base 16
-420
Convert 1411333 (base 5) to base 3.
1110201220
97 (base 10) to base 4
1201
What is -1180 (base 9) in base 14?
-470
Convert 207 (base 12) to base 8.
447
-121421 (base 5) to base 13
-2139
Convert 44404 (base 5) to base 12.
1968
Convert 100000001 (base 2) to base 6.
1105
What is 4365 (base 13) in base 6?
111230
What is 240 (base 15) in base 9?
626
Convert -11a34 (base 11) to base 10.
-17219
Convert -1122002 (base 4) to base 16.
-1682
-11310 (base 4) to base 7
-1041
153 (base 6) to base 2
1000101
Convert 10010221 (base 3) to base 13.
1075
What is 11340 (base 7) in base 16?
b67
aac (base 15) to base 14
c44
Convert 2749 (base 15) to base 7.
33321
Convert b8 (base 15) to base 10.
173
Convert 14a (base 12) to base 2.
11001010
What is -21001211 (base 3) in base 2?
-1010000100000
-659f (base 16) to base 4
-12112133
15136 (base 11) to base 14
7b68
What is -1576 (base 9) in base 15?
-553
21123 (base 4) to base 7
1521
1121200222 (base 3) to base 5
2004414
Convert -3a1 (base 12) to base 2.
-1000101001
Convert -198a0 (base 12) to base 10.
-37560
What is -1200011 (base 3) in base 2?
-10011000011
What is 3102324 (base 5) in base 11?
34903
What is 17a (base 12) in base 4?
3232
What is -647 (base 12) in base 5?
-12134
-6660 (base 13) to base 7
-56421
6bb7 (base 15) to base 14
84b7
Convert -29996 (base 11) to base 4.
-22113113
Convert 77518 (base 9) to base 2.
1100100011111100
Convert -90 (base 14) to base 8.
-176
-d65 (base 15) to base 6
-21552
Convert 112033 (base 4) to base 9.
1851
What is 101111 (base 9) in base 4?
32213131
6e00 (base 16) to base 5
1400120
-82c7 (base 14) to base 12
-11047
What is -112111 (base 3) in base 10?
-391
What is 304113 (base 6) in base 8?
57255
41130 (base 5) to base 7
10525
What is 10110010 (base 2) in base 9?
217
12101 (base 7) to base 16
c41
Convert -2210100 (base 3) to base 2.
-11111110010
6332 (base 8) to base 10
3290
-203300 (base 4) to base 10
-2288
5655 (base 11) to base 2
1110100010001
3a6 (base 11) to base 4
13133
What is -100000 (base 3) in base 15?
-113
aa4 (base 11) to base 9
1731
2cc (base 15) to base 3
212210
Convert -1010000100 (base 2) to base 5.
-10034
4979 (base 16) to base 6
223025
-ba3a (base 12) to base 11
-14441
Convert -30121 (base 4) to base 14.
-409
-7362 (base 8) to base 14
-1574
What is -1b8 (base 16) in base 7?
-1166
What is -77146 (base 9) in base 15?
-10253
Convert 5d33 (base 16) to base 15.
7109
Convert 439 (base 15) to base 9.
1270
What is a64e (base 15) in base 14?
cb66
What is 100000110 (base 2) in base 14?
14a
What is b054 (base 14) in base 6?
352030
What is 1232 (base 6) in base 16?
134
Convert -1229 (base 11) to base 5.
-22404
What is -a35 (base 13) in base 16?
-6c6
-10357 (base 10) to base 9
-15177
31000 (base 4) to base 16
340
-964 (base 15) to base 7
-6115
-116401 (base 7) to base 5
-1141323
447 (base 14) to base 2
1101001111
What is -10100100100 (base 2) in base 6?
-10032
14 (base 13) to base 6
25
What is -202 (base 9) in base 2?
-10100100
What is -649 (base 15) in base 10?
-1419
What is 3702 (base 11) in base 8?
11352
Convert -214 (base 13) to base 12.
-257
Convert 12426 (base 9) to base 7.
33252
1bca (base 16) to base 12
414a
Convert -1260 (base 7) to base 8.
-743
Convert -354 (base 9) to base 4.
-10210
-1100100011110101 (base 2) to base 5
-3121240
What is -3103 (base 7) in base 5?
-13311
Convert -2ea (base 16) to base 11.
-619
What is -6296 (base 10) in base 3?
-22122012
Convert -1035 (base 8) to base 13.
-328
What is 403104 (base 5) in base 15?
3c54
11111110 (base 2) to base 14
142
What is 5714 (base 14) in base 4